00 and 1625?
125
Calculate the greatest common divisor of 102 and 714.
102
Calculate the highest common factor of 52 and 6058.
26
What is the greatest common factor of 224 and 7?
7
Calculate the greatest common factor of 649 and 11.
11
What is the highest common divisor of 423 and 981?
9
Calculate the highest common factor of 47 and 47.
47
What is the highest common factor of 37 and 37?
37
Calculate the highest common divisor of 252 and 105.
21
Calculate the highest common divisor of 98 and 126.
14
What is the highest common factor of 18 and 423?
9
Calculate the highest common factor of 1500 and 48.
12
Calculate the greatest common factor of 403 and 3720.
31
What is the highest common divisor of 1160 and 2840?
40
What is the highest common factor of 25 and 35?
5
What is the highest common divisor of 1099 and 2826?
157
Calculate the highest common divisor of 88 and 154.
22
Calculate the highest common factor of 1164 and 180.
12
Calculate the highest common factor of 7786 and 34.
34
Calculate the highest common factor of 84 and 63.
21
What is the highest common factor of 14 and 35?
7
Calculate the greatest common divisor of 51 and 34.
17
What is the greatest common factor of 136 and 85?
17
What is the greatest common factor of 315 and 567?
63
Calculate the highest common factor of 54 and 108.
54
Calculate the highest common divisor of 351 and 4095.
117
Calculate the highest common factor of 88 and 176.
88
What is the highest common factor of 663 and 153?
51
What is the greatest common factor of 450 and 50?
50
Calculate the highest common factor of 96 and 40.
8
Calculate the highest common factor of 500 and 150.
50
Calculate the highest common divisor of 100 and 704.
4
What is the greatest common divisor of 2199 and 6?
3
What is the greatest common factor of 15769 and 39?
13
What is the highest common factor of 6035 and 255?
85
Calculate the highest common factor of 870 and 90.
30
What is the highest common factor of 1648 and 592?
16
What is the greatest common factor of 129 and 2537?
43
What is the highest common divisor of 13 and 13?
13
What is the greatest common divisor of 393 and 14279?
131
What is the greatest common factor of 23 and 4439?
23
What is the highest common divisor of 60 and 64140?
60
What is the greatest common divisor of 24 and 168?
24
Calculate the greatest common factor of 318 and 21.
3
What is the greatest common factor of 207 and 9?
9
Calculate the greatest common factor of 143 and 11.
11
Calculate the greatest common divisor of 46 and 1334.
46
What is the highest common factor of 180 and 440?
20
Calculate the greatest common divisor of 2123 and 2895.
193
What is the greatest common divisor of 112 and 432?
16
What is the highest common factor of 513 and 81?
27
What is the greatest common divisor of 270 and 17190?
90
What is the highest common divisor of 59 and 10679?
59
What is the greatest common divisor of 1396 and 4?
4
What is the highest common factor of 630 and 180?
90
Calculate the greatest common factor of 95 and 285.
95
What is the greatest common factor of 144 and 1408?
16
What is the highest common divisor of 165 and 45?
15
Calculate the highest common divisor of 4448 and 64.
32
What is the greatest common divisor of 60 and 3384?
12
Calculate the greatest common divisor of 4692 and 306.
102
What is the highest common factor of 520 and 128?
8
What is the greatest common divisor of 624 and 48?
48
Calculate the greatest common factor of 228 and 76.
76
What is the greatest common divisor of 13 and 104?
13
What is the highest common factor of 2250 and 90?
90
What is the greatest common factor of 9 and 1?
1
What is the greatest common divisor of 150 and 50?
50
Calculate the highest common factor of 3 and 36.
3
What is the greatest common factor of 32 and 57184?
32
What is the highest common divisor of 42 and 42?
42
What is the highest common divisor of 1448 and 384?
8
What is the greatest common factor of 1742 and 603?
67
Calculate the highest common divisor of 666 and 18.
18
What is the greatest common factor of 41 and 4?
1
Calculate the greatest common divisor of 84 and 42.
42
Calculate the greatest common divisor of 15748 and 124.
124
What is the highest common divisor of 10184 and 152?
152
What is the greatest common divisor of 24816 and 144?
48
Calculate the greatest common factor of 614 and 2.
2
What is the greatest common factor of 68 and 1445?
17
What is the greatest common divisor of 3 and 624?
3
What is the greatest common factor of 12 and 1032?
12
What is the greatest common divisor of 13 and 1937?
13
Calculate the highest common divisor of 169 and 26533.
169
What is the highest common divisor of 1089 and 9?
9
What is the greatest common divisor of 1598 and 282?
94
Calculate the greatest common factor of 14 and 22.
2
What is the highest common factor of 250 and 150?
50
Calculate the greatest common factor of 558 and 93.
93
What is the greatest common factor of 765 and 225?
45
Calculate the greatest common factor of 606 and 15.
3
What is the greatest common factor of 56 and 2044?
28
Calculate the highest common divisor of 34 and 2.
2
Calculate the greatest common factor of 510 and 1365.
15
Calculate the greatest common factor of 36 and 92.
4
Calculate the highest common divisor of 475 and 19.
19
Calculate the greatest common divisor of 17 and 391.
17
Calculate the highest common divisor of 140 and 50.
10
Calculate the greatest common factor of 188 and 13724.
188
Calculate the greatest common divisor of 189 and 54.
27
Calculate the greatest common factor of 510 and 20.
10
Calculate the highest common factor of 153 and 816.
51
Calculate the greatest common factor of 52 and 65.
13
What is the greatest common divisor of 1295 and 15?
5
What is the highest common factor of 611 and 235?
47
Calculate the greatest common divisor of 396 and 594.
198
Calculate the greatest common divisor of 248 and 11036.
124
What is the highest common factor of 36 and 486?
18
What is the highest common divisor of 29 and 2?
1
Calculate the highest common factor of 12 and 21324.
12
What is the greatest common factor of 52 and 325?
13
What is the highest common divisor of 80 and 24?
8
Calculate the highest common factor of 385 and 11.
11
What is the highest common divisor of 50 and 6425?
25
Calculate the greatest common factor of 20272 and 84.
28
Calculate the highest common factor of 15 and 100.
5
Calculate the greatest common divisor of 710 and 10.
10
What is the highest common divisor of 1 and 37?
1
What is the highest common divisor of 775 and 50?
25
Calculate the highest common factor of 2747 and 164.
41
Calculate the highest common divisor of 136 and 2567.
17
What is the highest common factor of 1417 and 13?
13
What is the highest common divisor of 208 and 16328?
104
What is the highest common factor of 22882 and 34?
34
What is the highest common factor of 146 and 2482?
146
What is the greatest common factor of 19364 and 47?
47
What is the greatest common factor of 7995 and 26?
13
Calculate the greatest common divisor of 952 and 56.
56
Calculate the greatest common divisor of 78 and 72.
6
What is the greatest common factor of 378 and 28?
14
What is the greatest common factor of 112 and 1168?
16
What is the highest common factor of 132 and 484?
44
Calculate the greatest common divisor of 17 and 10931.
17
What is the highest common divisor of 62 and 4402?
62
What is the highest common divisor of 102 and 306?
102
What is the highest common factor of 1720 and 120?
40
Calculate the greatest common divisor of 256 and 2.
2
Calculate the greatest common divisor of 55 and 99.
11
What is the greatest common factor of 66 and 154?
22
Calculate the highest common divisor of 12 and 30642.
6
Calculate the highest common divisor of 650 and 10.
10
What is the highest common factor of 269 and 27707?
269
What is the greatest common factor of 549 and 171?
9
What is the greatest common factor of 5 and 245?
5
What is the highest common factor of 20025 and 135?
45
What is the highest common divisor of 14 and 322?
14
What is the highest common factor of 312 and 168?
24
What is the greatest common divisor of 1150 and 150?
50
What is the highest common divisor of 53 and 2?
1
Calculate the highest common divisor of 3956 and 860.
172
Calculate the greates